Let r = 103 + -134. Suppose -212 = -4*n - 4*j, n - 14 = -2*j + 35. Let v = n + r. What are the prime factors of v?
2, 13
Let y(j) = 2*j**2 - 33*j + 18. Let k be y(16). Suppose w + 3*f = k*w - 417, -f - 2 = 0. What are the prime factors of w?
3, 137
Let g = -42 - -403. Suppose -4*v = a - g, 0 = 4*a - 6*a + 5*v + 787. List the prime factors of a.
3, 127
Let w = 418 - 563. Let n = 272 + w. What are the prime factors of n?
127
Let f = -263 - -263. Let w(k) = k**3 + k**2 + 3*k + 862. What are the prime factors of w(f)?
2, 431
Let y(t) be the second derivative of t**3/6 - 2*t**2 + 23*t. Let k be y(9). Suppose 2*f + 153 = 5*i, -3*i + 116 = k*f + 18. List the prime factors of i.
31
List the prime factors of (1 + -11)*((-1118)/52 - 0).
5, 43
Let p = -38 + 38. Suppose 0 = 2*w - p*z - 4*z, -4*z + 48 = 4*w. Suppose -3*o - 4*h = -389 - 56, -2*h + w = 0. List the prime factors of o.
11, 13
Suppose 0 = 3*k + 3*b - 8250, -5*b + 3789 - 1023 = k. What are the prime factors of k?
2, 1373
Suppose 0 = 7*u - 6*u - 2. Suppose 0 = -4*f + w + 3228, 0 = -9*w + 5*w + 16. Suppose -u*r = 2*r - f. What are the prime factors of r?
2, 101
Let l(v) = 20189*v**2 - 22*v - 8. List the prime factors of l(-2).
2, 10099
Suppose -2*i + 3*c = 3, 15*i - 14*i + 2*c - 9 = 0. Suppose -18 + i = -3*q, u - 3*q - 904 = 0. What are the prime factors of u?
919
Let f(u) = 1643*u - 7289. What are the prime factors of f(9)?
2, 23, 163
Let y = -6 + 8. Suppose -61 - 50 = -y*b + 5*g, 2*g = 5*b - 288. Let i = b + 8. What are the prime factors of i?
2, 3, 11
Let r = -18 - -21. Let w be 6*r/5 + 12/30. Suppose -5*x + 2*x - 451 = -4*u, -20 = w*x. List the prime factors of u.
109
Let m(u) be the third derivative of -17*u**4/12 + 22*u**3 + 202*u**2. What are the prime factors of m(-20)?
2, 7, 29
Let j be (10/25)/(3 - (-304)/(-100)). Let k(n) = 2*n**2 - 6*n + 78. List the prime factors of k(j).
2, 13
List the prime factors of -5*(-19396 + (12/(-16))/((-12)/144)).
5, 19387
Let p = 3036 + 4813. List the prime factors of p.
47, 167
Let t(i) = i**3 + 43*i**2 - 160*i - 55. What are the prime factors of t(-43)?
3, 5, 7, 13
Let w(a) = a - 6. Let f(k) = -k + 6. Let n(v) = -6*f(v) - 7*w(v). Suppose 3*x = 2*g - 20, -3*g + 2*g + 1 = 0. List the prime factors of n(x).
2, 3
Let c(n) = n**3 - 8*n**2 - 9*n + 3. Let y be c(9). Suppose 0 = 2*u - 8, -y*u + 0*u = m - 117. Suppose 5*x - m = 4*x. List the prime factors of x.
3, 5, 7
List the prime factors of 7728641/217 + (60/28 - 3).
5, 17, 419
Let v = 1962 - 1960. Let a = 151 + 70. Suppose 0 = -v*h + a - 71. List the prime factors of h.
3, 5
Let i(r) be the third derivative of -r**6/120 + 13*r**5/60 + r**4/12 - 8*r**3/3 + 15*r**2. Let q be i(13). Let g = 65 + q. List the prime factors of g.
3, 5
Let r(p) be the second derivative of p**5/20 + 7*p**4/6 - 14*p**3/3 + 4*p**2 + 5*p + 14. List the prime factors of r(-15).
7, 29
Suppose 9*y - 92556 = -37602. What are the prime factors of y?
2, 43, 71
Let v be 20/100 - (1632/10 - -1). Let i = 429 + v. List the prime factors of i.
5, 53
Suppose -x + 4603 + 4401 = 4*q, -4*x - 8984 = -4*q. Suppose 7*u + 8*u = q. What are the prime factors of u?
2, 3, 5
Let c = -13746 + 33051. What are the prime factors of c?
3, 5, 11, 13
What are the prime factors of 24342 - (84/(-42))/(1/5)?
2, 761
Let k(v) = -4*v + 129. Let r(t) = 4*t**3 - 8*t - 4. Let n be r(-3). Let x = n - -88. List the prime factors of k(x).
3, 43
Let x(l) = l**3 + 9*l**2 + 7*l - 3. Let y be x(-8). Suppose y*w - 7*w = -180. Suppose -5*a + 4*a = -w. List the prime factors of a.
2, 3, 5
Let w(g) = g**3 + 10*g**2 - 7*g + 11. Suppose -6 - 56 = -2*v. Suppose -3*u = -1 + v. What are the prime factors of w(u)?
3
Suppose -65*l + 193410 = -11*l - 24*l. List the prime factors of l.
3, 7, 307
What are the prime factors of 10320/(10 + 0)*(-1)/((-10)/35)?
2, 3, 7, 43
Let v be ((-3)/(-1))/(0 + 1). Let r be -8 + v - -4 - -4. Suppose c = r*p - 61, -4*p + 47 = c - 46. List the prime factors of p.
2, 11
Suppose 0 = 17*q - 16*q - 4336. List the prime factors of q.
2, 271
Suppose -2*b + 8 = -0, 0 = -3*n + 4*b + 1874. Suppose 9*j = -0*j + n. Suppose 10*i = 11*i - j. List the prime factors of i.
2, 5, 7
Let k be (1 - -5)*4/8. What are the prime factors of 3 - 5 - (-571 + 4 + k)?
2, 281
Let n be 1 - (10/(-20) + 10/(-4)). Let f = 1552 - 812. Suppose -5*p + 3*k - k + 902 = 0, -3*k + f = n*p. List the prime factors of p.
2, 7, 13
Let n(a) be the third derivative of -a**4/24 + 7*a**3 + 766*a**2. Suppose 0 = 2*d - 3*d + 5*f - 7, 0 = f - 5. List the prime factors of n(d).
2, 3
Suppose f + 140 = 36*f. Let s = 303 - -67. Suppose -5*i + 5*y + s = 0, 0 = -5*i - f*y + 6*y + 358. List the prime factors of i.
2, 5, 7
Suppose -136 = -4*j + 2*t, 2*t = -j + 30 + 14. Suppose -6*i - j = -9*i. List the prime factors of ((-60)/2)/(i/(-32)).
2, 5
Let x = 3283 - 4678. Let l = -664 - x. List the prime factors of l.
17, 43
Let i = 22194 - 14452. List the prime factors of i.
2, 7, 79
Let r be 1/(-5) - 16185/75. Let g be (396/88)/(1/96). Let l = g + r. List the prime factors of l.
2, 3
Suppose 12 = 2*o + 3*g - 6, -2*g = 5*o - 23. Suppose 19*v + o*v = 6182. List the prime factors of v.
281
Let f(b) = -2*b + 23. Let y be f(12). Let d be ((-1 + 2)*-1)/(y/(-29)). List the prime factors of (36/(-6) - d)/(2/16).
2, 23
Let v(u) = -u**3 + u**2 + 6*u + 2. Let k be v(3). What are the prime factors of 20/(-8)*k + 199?
2, 97
Let k = 94 - 94. Suppose -4*n + 0*g - 2*g + 950 = 0, k = 5*n - 3*g - 1204. What are the prime factors of n?
239
Suppose -q + 9*q = 32. Let u be -6 + (q - 2) - -6. Suppose -u*d - 294 = -5*k - 84, 3*k - 126 = 5*d. What are the prime factors of k?
2, 3, 7
Let t be 21/(-7)*(3 + (-1 - 83)). Let z = t + 493. List the prime factors of z.
2, 23
Let z(i) = -7*i + 27. Let g(r) = r**3 - r**2 - 2*r. Let x be g(-2). Let j be z(x). Suppose -3*u = w - j - 71, -u + 38 = -3*w. List the prime factors of u.
2, 5
Suppose 65965 = -5*w + 97811 + 97699. List the prime factors of w.
13, 1993
Let b = -1959 - -3535. Let d = 3268 - b. List the prime factors of d.
2, 3, 47
Let q(u) = -2 - 2*u - u**2 + 12*u**2 + 3. Suppose -8*z - 834 = -850. List the prime factors of q(z).
41
Let i(x) be the first derivative of 0*x**2 + 2*x**2 - 3*x**2 - 10 + 3*x. List the prime factors of i(-14).
31
Suppose -29*g + 28 = -36*g. What are the prime factors of 4 - (2 - -4) - (g + -294)?
2, 37
Suppose -13*q = -17*q - 36. List the prime factors of 2/q + (-39420)/(-243).
2, 3
Suppose 6*c - 6 = 4*c. Suppose 0*f = 4*f - 2*o + 80, 0 = -c*f - o - 70. Let q = f + 35. What are the prime factors of q?
13
Suppose -42*u + 2212 = -40*u. Let i = u - 153. What are the prime factors of i?
953
Let g(p) = -5*p**2 - 46*p + 3. Let b be g(0). Let l(j) = 2 - 8 + j - 2*j**2 + 17*j**2. List the prime factors of l(b).
2, 3, 11
Let n(l) = -3*l**3 - 3*l**2 - 21*l - 26. Suppose 21*f = 17*f - 20. What are the prime factors of n(f)?
379
Let x = -29 + 34. Let t(m) be the second derivative of m**4/2 - 5*m**3/3 - 3*m**2 - 3*m. What are the prime factors of t(x)?
2, 47
List the prime factors of 8/(24/27) - (-33969 - (-12 + 24)).
2, 3, 5, 11, 103
Suppose 12*c + 359757 = 45*c + 51999. List the prime factors of c.
2, 4663
What are the prime factors of 30/6 + (6780/(-1))/(-3)?
3, 5, 151
Let q(f) = -5*f**3 + 39*f**3 - f + 2 - 9*f**3 - f**2. Let d be q(1). Suppose 0 = -5*v + d, 3*c + 0*v = v + 385. List the prime factors of c.
2, 5, 13
Suppose 4 = z - 0*z. Suppose u + 1421 = 7*r - 4*r, 4*r + z*u = 1916. What are the prime factors of r?
5, 19
Let l(i) = 2*i**3 - 12*i**2 + 14*i - 14. Suppose -5*z - 4*x = -3*x - 135, -104 = -3*z + 4*x. Let c = z + -21. List the prime factors of l(c).
2, 7, 13
Suppose 0 = 4*g - g - 30. Suppose -208*l + 177*l - 248 = 0. Let q = g + l. List the prime factors of q.
2
Let v(o) = -520*o - 682. List the prime factors of v(-32).
2, 79, 101
Suppose -11*g = -45 - 32. Let r be (-12)/g + 2 - 786/7. Let l = 152 + r. What are the prime factors of l?
2, 5
Suppose -56*g + 345288 = -607929 + 70937. What are the prime factors of g?
5, 23, 137
Suppose 0 = -86*k + 67*k - 60933. Let m = k - -4504. List the prime factors of m.
1297
Let m(h) = h**2 - 11*h - 36. Let d be (-3 - (-39)/6)*(12 + -2). Let y = 28 - d. What are the prime factors of m(y)?
2, 3, 5
Suppose 2*y - 17008 = -2*j, -4*y - 31*j 